 is the hundreds digit of i?
1
Let l(b) = -4976*b + 946. What is the ten thousands digit of l(-2)?
1
Suppose 4*v = 5*k - 9, -19 - 21 = -5*v - 4*k. What is the units digit of v/(4 - 2)*(-516)/(-12)?
6
Let w(h) = -31*h + 99. Let i(b) = -b**2 + b - 10. Let x be i(3). What is the tens digit of w(x)?
9
Let o(g) = -46*g + 140. Suppose 5*j = -4*t - 43, -j - 19 = 2*t - 2. What is the units digit of o(t)?
2
Let y be 0/(-2) + (-17 - 77). Let q = y + 306. Suppose -t + 4 = -q. What is the units digit of t?
6
Let r be 1/(-3) - 10/6. Suppose -5*o - 180 = -5*i, 0 = o - 5*i + 10*i + 18. What is the tens digit of (-3)/(o/r) - 4856/(-88)?
5
Let z be (-2 - 0) + 6 + 22/(-11). Suppose -1018 = -5*a + l + z*l, 0 = l - 4. What is the tens digit of a?
0
Let o = -9683 - -55264. What is the ten thousands digit of o?
4
Suppose -3*q = 5*m + 31, 3*q + 25 = -3*m - 2*q. What is the tens digit of 1*(91 - (-7 - m))?
9
Let b be ((-36)/54)/(1*(-4)/(-18)). Let v(o) = -44*o**3 + o**2 + 8*o - 4. What is the thousands digit of v(b)?
1
Let q = 18944 + -12965. What is the thousands digit of q?
5
Suppose u = 4*x + 3*u - 62, -2*u - 34 = -2*x. Suppose -5*t - m = -19, x = 4*t + 2*m - m. What is the units digit of t/18 + (-2805)/(-18)?
6
Suppose 0 = u + 5, -3*v + 11*u - 2851 = 7*u. What is the tens digit of (2 + 7)/(-36) + v/(-4)?
3
Suppose 83*j + 1296792 = 155*j + 114*j. What is the tens digit of j?
7
Let h(j) = j**3 - 7*j**2 + j + 32. Let g(u) = u**3 - 7*u**2 + u + 31. Let b(l) = 6*g(l) - 5*h(l). What is the units digit of b(9)?
7
Let b = 64 + -22. Let r(j) = j**2 + 43*j + 234. Let u be r(-37). Let s = b + u. What is the tens digit of s?
5
Let i(k) = k**3 - 3*k**2 + 11*k - 29. Let u be i(3). Suppose 2*b + u*v = 370, v - 343 = -3*b + 217. What is the units digit of b?
7
What is the units digit of 42630/(-140)*300/(-9)?
0
Let j(p) = 8*p**3 + 18*p**2 - 4*p + 31. What is the units digit of j(6)?
3
Let h = 156 + -159. What is the units digit of (h + 3 - 87)/(-3)?
9
Suppose 0*f + 4*s + 6 = -2*f, 0 = 5*f + s - 12. Suppose k = -f*k + 1412. What is the tens digit of k?
5
Let i(d) = -12*d**2 + 26*d - 95. Let p(s) = 4*s**2 - 9*s + 32. Let v(g) = -6*i(g) - 17*p(g). What is the tens digit of v(9)?
2
Let r = -129781 + 191521. What is the ten thousands digit of r?
6
Suppose 11*t = 7*t. Let n(f) = f**2 - 3*f + 54. Let o be n(t). Suppose c = -2*a + o, c - a - 78 = 3*a. What is the units digit of c?
2
Suppose -120*u - 53*u + 409550 + 248023 = 0. What is the thousands digit of u?
3
Let s(d) = 3*d - 51. Let f be s(9). What is the tens digit of (-2 - -5) + (12 - f)?
3
Suppose 0 = -21*f + 16*f - 10. What is the units digit of 5/10*f*-203?
3
Suppose 628*u + 5017262 - 8947984 = 22940142. What is the thousands digit of u?
2
Let l(p) be the third derivative of p**5/6 - 3*p**4/8 - 19*p**3/3 - 6*p**2 - 5*p. What is the units digit of l(-7)?
5
Suppose 5*s = -2*q + 20, 5*s - 32 + 12 = 3*q. Let t be (-3 - (153 + s))/(-1). Suppose -181 - t = -11*u. What is the units digit of u?
1
Let x be ((-1146)/(-8))/(117/(-36) - -3). Let v = x + 1136. What is the units digit of v?
3
Let z = 464 - 461. Suppose 3*g = y + 3226, 3234 = -0*g + 3*g + z*y. What is the thousands digit of g?
1
Suppose 5456 = -43*t + 41*t. Let c = -1640 - t. What is the hundreds digit of c?
0
Let v = 713 + -313. What is the units digit of (4/3)/(-2 + v/198)?
6
Let y(i) = 9*i**2 + 124*i + 65. What is the tens digit of y(-27)?
7
Let k(v) be the second derivative of v**4/6 + 7*v**3/3 - 13*v**2/2 + 14*v. Let a be k(-8). Suppose a*l = 171 - 45. What is the units digit of l?
2
Let b(w) be the third derivative of w**7/63 - 11*w**4/24 + 4*w**2. Let i(r) be the second derivative of b(r). What is the units digit of i(1)?
0
Let b(x) = x**2 + 7*x + 78. Let d be b(0). Suppose d = -10*a + 12*a. What is the units digit of a?
9
What is the tens digit of ((-8)/(-2) + -1)/(15/55730*2)?
7
Suppose 11*v - 7758653 = -93*v - 773805. What is the hundreds digit of v?
1
Let m = -11 + 39. Let f = -24 + m. What is the units digit of f*(-3 - (-146)/8 - 0)?
1
Suppose 11*t - 31619 + 20298 = 275548. What is the ten thousands digit of t?
2
Let x = -573 + 4192. What is the hundreds digit of x?
6
Suppose 14*n - 65185 = 875223. What is the tens digit of n?
7
Let c(y) = -2*y**2 - 4*y + 2. Let w be c(-3). What is the units digit of w*(-4)/(-16)*-659?
9
Let a(i) = -i - 1. Let x be a(-1). Suppose 5*f = 5*y, -3*y + 16 = -x*y + f. Suppose -31 = -y*t + 13. What is the units digit of t?
1
Let t = 303 + -391. What is the tens digit of ((-4246)/t)/((-2)/(-80)) - -3?
3
Let q be -3 - (-4 - 3) - 4. Let j(s) = s**3 - s**2 + s + 1. Let z be j(q). What is the tens digit of (-256 - 35)*((-8)/6 + z)?
9
Suppose -3*t + 153 = -42. Suppose -a - 345 - t = 0. What is the units digit of (1 - (-29)/2)/((-41)/a)?
5
Suppose 5*t - 50859 = -4*k, 199*t = 195*t + k + 40683. What is the tens digit of t?
7
Let z(d) be the second derivative of 5*d**4/12 - d**3/6 + d - 15. Let n be z(1). Suppose -5*m - n*w + 915 = -0*m, -15 = -3*w. What is the hundreds digit of m?
1
Suppose 48*c - 965034 = -6*c. Suppose c = 14*u - 1883. What is the thousands digit of u?
1
Suppose -2 = 2*u, -2*u - 93 = p + u. Let i = 350 - 617. Let f = p - i. What is the hundreds digit of f?
1
Let v(s) = -s**3 + 17*s**2 + 39*s - 17. Let f be v(19). Suppose 4*o = -w + 92, 3*w + f*w + 3*o - 511 = 0. What is the tens digit of w?
0
Suppose 3*q + 5*x - 187858 = 0, 3*x = 4*q - 339121 + 88663. What is the thousands digit of q?
2
Let o(b) = 3*b**3 - 5*b**2 + 2*b. Let a be 5 - (-15)/5 - 4. Let g be o(a). What is the tens digit of (1/(-5) - (-174)/g)*132?
6
Let j be 0/(-2 - -4*(-1)/4). Suppose v + j*v + 3 = 4*d, -18 = d - 4*v. Suppose 4*p + 0*p = -3*k + 220, 5*p - d*k - 298 = 0. What is the units digit of p?
8
Let x(m) = -3*m**2 - 9*m + 15. Let n be x(-4). Suppose -4*j + 1924 - 404 = -4*y, 5*j - n*y = 1896. What is the hundreds digit of j?
3
Let u = -69 + 61. Let f be -1 + u/(-4) + -1. Suppose 5*t = 5*m - 225, -m - 4*t - 2 + 32 = f. What is the tens digit of m?
4
Let v = -11 - -16. Let t(z) = z**3 - 8*z**2 + 16*z. Let r be t(v). Suppose 2*p - 4*p = -2*m + 190, 89 = m + r*p. What is the units digit of m?
4
Suppose -6*z + 171 + 729 = 0. Suppose 2*o = -5*c + 122, 5*c - 7*o = -2*o + z. What is the tens digit of 9030/225 - (c/(-30) - -1)?
4
Let t(g) = 2*g**3 + 12*g**2 - 116*g + 81. What is the hundreds digit of t(14)?
2
Let m(v) = v**2 + 19*v - 32. Let f(j) = -j**2 - 20*j + 40. Let c(u) = -2*f(u) - 3*m(u). Let d = -4 + -4. What is the units digit of c(d)?
8
Suppose -5*h - 35 = 0, -10732 = -4*x - h - 3*h. What is the tens digit of x?
9
Let s = 21 - 18. Let d be (4/s)/((-20)/(-30)). Suppose 0*k + 23 = p - d*k, -p + k = -20. What is the units digit of p?
7
Let f = -24 + -9. Let g = f - -57. What is the tens digit of (g/18)/(4/78)?
2
Let t = 240 - 1274. Let x = t - -1769. What is the tens digit of x?
3
Let r = 63206 + -23420. What is the ten thousands digit of r?
3
Let x(c) = c**3 - 49*c**2 + 216*c + 32. What is the hundreds digit of x(47)?
7
Let x = -6699 - -7260. What is the tens digit of x?
6
Suppose 0 = 13*z - 6*z - 7. What is the hundreds digit of 48/(-8) + (z - -470)?
4
Suppose -5*f + 2*g + 37964 = 0, 8707 = 4*f + g - 21672. What is the tens digit of f?
9
Suppose 3*h - 2*h - 2*d - 7 = 0, 4*d + 8 = 0. Suppose h*i + 6*l - 2*l - 1363 = 0, 4*i - 1838 = 5*l. What is the units digit of i?
7
Let y(o) = 89*o**2 + 31*o + 97. What is the hundreds digit of y(-6)?
1
Let j(r) = r + 17. Let d = 9 - 27. Let a be j(d). What is the hundreds digit of (70/(-3) - a)/((-4)/36)?
2
Let y(m) = 162*m**2 + 179*m + 1261. What is the thousands digit of y(-7)?
7
Let z = 62 - 56. Suppose 7*q = 5*q - z. What is the units digit of 0/2 - (-4 + (-86 - q))?
7
Let w be 1*-6 - (-11 - -7). Let z(q) = 143*q**2 + 3*q + 11. What is the units digit of z(w)?
7
Let i(u) = 170*u - 636. What is the hundreds digit of i(27)?
9
What is the units digit of (-738)/328*(1 - (-1 - (-92742)/9))?
1
Let n(j) = -146*j - 98. Let m be n(-4). Suppose -m = -8*b + 5*b. What is the tens digit of b?
6
Suppose 0 = 9*i - 8034 + 213. Suppose 4*o = -2*u + 1414, i = 5*o - 4*u - 931. What is the units digit of o?
6
Suppose 0*v - n = 4*v - 23, 2*v - 4*n - 34 = 0. What is the units digit of (7 - 19)*-22 + v?
1
Let l = -808 + 463. What is the 